{"id":1297,"date":"2016-11-20T14:13:33","date_gmt":"2016-11-20T14:13:33","guid":{"rendered":"http:\/\/oxyplam.com.br\/newsite\/?page_id=1297"},"modified":"2021-07-10T02:26:39","modified_gmt":"2021-07-10T02:26:39","slug":"paineis-de-monitoramento-e-alarme","status":"publish","type":"page","link":"https:\/\/oxyplam.com.br\/newsite\/paineis-de-monitoramento-e-alarme\/","title":{"rendered":"Pain\u00e9is de Monitoramento e Alarme"},"content":{"rendered":"<p>[vc_row css=&#8221;.vc_custom_1486341657382{padding-left: 0px !important;}&#8221;][vc_column][vc_column_text]<img loading=\"lazy\" class=\"alignleft wp-image-1540 size-full\" src=\"https:\/\/oxyplam.com.br\/newsite\/wp-content\/uploads\/2021\/07\/Foto-Painel-de-Controle.png\" alt=\"\" width=\"620\" height=\"370\" srcset=\"https:\/\/oxyplam.com.br\/newsite\/wp-content\/uploads\/2021\/07\/Foto-Painel-de-Controle.png 620w, https:\/\/oxyplam.com.br\/newsite\/wp-content\/uploads\/2021\/07\/Foto-Painel-de-Controle-300x179.png 300w\" sizes=\"(max-width: 620px) 100vw, 620px\" \/><\/p>\n<p>Sempre conectado a rede, esse painel disp\u00f5e de um dispositivo de alarme sonoro e visual que faz a leitura ininterrupta do fluido, monitorando uma eventual baixa press\u00e3o que pode comprometer o atendimento a pacientes em \u00e1reas vitais dos hospital tais como UTI\u2019s e Centro Cir\u00fargico.<\/p>\n<p>Esses equipamento s\u00e3o itens obrigat\u00f3rios em uma instala\u00e7\u00e3o de gases medicinais e possuem uma fabrica\u00e7\u00e3o pr\u00f3pria que tem uma concep\u00e7\u00e3o nova no mercado, dispensando o uso de mangueiras e fios externos ficando tudo embutido dando mais ergonomia e facilidade de limpeza e assepsia evitando a possibilidade de mau uso por pessoas n\u00e3o autorizadas<\/p>\n<p>[\/vc_column_text][\/vc_column][\/vc_row]<\/p>\n","protected":false},"excerpt":{"rendered":"<p>[vc_row css=&#8221;.vc_custom_1486341657382{padding-left: 0px !important;}&#8221;][vc_column][vc_column_text] Sempre conectado a rede, esse painel disp\u00f5e de um dispositivo de alarme sonoro e visual que faz a leitura ininterrupta do fluido, monitorando uma eventual baixa press\u00e3o que pode comprometer o atendimento a pacientes em \u00e1reas vitais dos hospital tais como UTI\u2019s e Centro Cir\u00fargico. Esses equipamento s\u00e3o itens obrigat\u00f3rios em [&hellip;]<\/p>\n","protected":false},"author":2,"featured_media":0,"parent":0,"menu_order":0,"comment_status":"closed","ping_status":"closed","template":"","meta":[],"_links":{"self":[{"href":"https:\/\/oxyplam.com.br\/newsite\/wp-json\/wp\/v2\/pages\/1297"}],"collection":[{"href":"https:\/\/oxyplam.com.br\/newsite\/wp-json\/wp\/v2\/pages"}],"about":[{"href":"https:\/\/oxyplam.com.br\/newsite\/wp-json\/wp\/v2\/types\/page"}],"author":[{"embeddable":true,"href":"https:\/\/oxyplam.com.br\/newsite\/wp-json\/wp\/v2\/users\/2"}],"replies":[{"embeddable":true,"href":"https:\/\/oxyplam.com.br\/newsite\/wp-json\/wp\/v2\/comments?post=1297"}],"version-history":[{"count":10,"href":"https:\/\/oxyplam.com.br\/newsite\/wp-json\/wp\/v2\/pages\/1297\/revisions"}],"predecessor-version":[{"id":1542,"href":"https:\/\/oxyplam.com.br\/newsite\/wp-json\/wp\/v2\/pages\/1297\/revisions\/1542"}],"wp:attachment":[{"href":"https:\/\/oxyplam.com.br\/newsite\/wp-json\/wp\/v2\/media?parent=1297"}],"curies":[{"name":"wp","href":"https:\/\/api.w.org\/{rel}","templated":true}]}}