{"id":1370,"date":"2017-01-26T00:11:27","date_gmt":"2017-01-26T00:11:27","guid":{"rendered":"http:\/\/oxyplam.com.br\/newsite\/?page_id=1370"},"modified":"2021-07-10T02:03:45","modified_gmt":"2021-07-10T02:03:45","slug":"centrais-de-gases","status":"publish","type":"page","link":"https:\/\/oxyplam.com.br\/newsite\/centrais-de-gases\/","title":{"rendered":"Centrais de Gases"},"content":{"rendered":"<p>[vc_row][vc_column width=&#8221;1\/2&#8243;][vc_column_text]<img loading=\"lazy\" class=\"alignnone wp-image-1376 \" src=\"https:\/\/oxyplam.com.br\/newsite\/wp-content\/uploads\/2016\/11\/Centrais-de-Gases-1-.jpg\" alt=\"Centrais de Gases 1\" width=\"635\" height=\"357\" srcset=\"https:\/\/oxyplam.com.br\/newsite\/wp-content\/uploads\/2016\/11\/Centrais-de-Gases-1-.jpg 3264w, https:\/\/oxyplam.com.br\/newsite\/wp-content\/uploads\/2016\/11\/Centrais-de-Gases-1--300x169.jpg 300w, https:\/\/oxyplam.com.br\/newsite\/wp-content\/uploads\/2016\/11\/Centrais-de-Gases-1--768x432.jpg 768w, https:\/\/oxyplam.com.br\/newsite\/wp-content\/uploads\/2016\/11\/Centrais-de-Gases-1--1024x576.jpg 1024w\" sizes=\"(max-width: 635px) 100vw, 635px\" \/>[\/vc_column_text][\/vc_column][vc_column width=&#8221;1\/2&#8243;][vc_column_text]<\/p>\n<p>Seguindo todas as normas do pa\u00eds, temos uma linha completa de centrais para ar comprimido medicinal, Centrais Manifold para baterias de cilindros de Oxig\u00eanio, Ar Medicinal, Oxido Nitroso, Co2 e Nitrog\u00eanio, al\u00e9m de centrais para V\u00e1cuo Clinico.<\/p>\n<p>Essas centrais de gases podem ser projetadas de modo compacto tipo SKID ou em m\u00f3dulos separados para base no piso, geralmente destinadas para atender a todos os n\u00edveis e tamanhos de Unidade Hospitalar.<\/p>\n<p>Nos projetamos de acordo com o consumo prov\u00e1vel seguindo as recomenda\u00e7\u00f5es da Norma NBR 12188 e Anvisa pela resolu\u00e7\u00e3o RDC50.<\/p>\n<p><span style=\"font-size: inherit;\">[\/vc_column_text][\/vc_column][\/vc_row]<\/span><\/p>\n","protected":false},"excerpt":{"rendered":"<p>[vc_row][vc_column width=&#8221;1\/2&#8243;][vc_column_text][\/vc_column_text][\/vc_column][vc_column width=&#8221;1\/2&#8243;][vc_column_text] Seguindo todas as normas do pa\u00eds, temos uma linha completa de centrais para ar comprimido medicinal, Centrais Manifold para baterias de cilindros de Oxig\u00eanio, Ar Medicinal, Oxido Nitroso, Co2 e Nitrog\u00eanio, al\u00e9m de centrais para V\u00e1cuo Clinico. Essas centrais de gases podem ser projetadas de modo compacto tipo SKID ou em m\u00f3dulos [&hellip;]<\/p>\n","protected":false},"author":2,"featured_media":0,"parent":0,"menu_order":0,"comment_status":"closed","ping_status":"closed","template":"","meta":[],"_links":{"self":[{"href":"https:\/\/oxyplam.com.br\/newsite\/wp-json\/wp\/v2\/pages\/1370"}],"collection":[{"href":"https:\/\/oxyplam.com.br\/newsite\/wp-json\/wp\/v2\/pages"}],"about":[{"href":"https:\/\/oxyplam.com.br\/newsite\/wp-json\/wp\/v2\/types\/page"}],"author":[{"embeddable":true,"href":"https:\/\/oxyplam.com.br\/newsite\/wp-json\/wp\/v2\/users\/2"}],"replies":[{"embeddable":true,"href":"https:\/\/oxyplam.com.br\/newsite\/wp-json\/wp\/v2\/comments?post=1370"}],"version-history":[{"count":4,"href":"https:\/\/oxyplam.com.br\/newsite\/wp-json\/wp\/v2\/pages\/1370\/revisions"}],"predecessor-version":[{"id":1539,"href":"https:\/\/oxyplam.com.br\/newsite\/wp-json\/wp\/v2\/pages\/1370\/revisions\/1539"}],"wp:attachment":[{"href":"https:\/\/oxyplam.com.br\/newsite\/wp-json\/wp\/v2\/media?parent=1370"}],"curies":[{"name":"wp","href":"https:\/\/api.w.org\/{rel}","templated":true}]}}