{"id":1372,"date":"2017-01-26T00:12:36","date_gmt":"2017-01-26T00:12:36","guid":{"rendered":"http:\/\/oxyplam.com.br\/newsite\/?page_id=1372"},"modified":"2021-07-12T20:35:35","modified_gmt":"2021-07-12T20:35:35","slug":"canoplas","status":"publish","type":"page","link":"https:\/\/oxyplam.com.br\/newsite\/canoplas\/","title":{"rendered":"Canoplas"},"content":{"rendered":"<p>[vc_row][vc_column width=&#8221;1\/2&#8243; css=&#8221;.vc_custom_1485396978673{padding-left: 0px !important;}&#8221;][vc_column_text]<img loading=\"lazy\" class=\"alignleft wp-image-1592 size-full\" src=\"https:\/\/oxyplam.com.br\/newsite\/wp-content\/uploads\/2021\/07\/Foto-2-Canoplas-Site.png\" alt=\"\" width=\"620\" height=\"370\" srcset=\"https:\/\/oxyplam.com.br\/newsite\/wp-content\/uploads\/2021\/07\/Foto-2-Canoplas-Site.png 620w, https:\/\/oxyplam.com.br\/newsite\/wp-content\/uploads\/2021\/07\/Foto-2-Canoplas-Site-300x179.png 300w\" sizes=\"(max-width: 620px) 100vw, 620px\" \/>[\/vc_column_text][\/vc_column][vc_column width=&#8221;1\/2&#8243;][vc_column_text]Instalados nas cabeceiras dos leitos, as canoplas s\u00e3o pontos de consumo confeccionados em pl\u00e1stico de alta resist\u00eancia, fabricados nas roscas padr\u00e3o dos flu\u00eddos e dotadas de v\u00e1lvulas de fechamento por impacto. Os pontos s\u00e3o identificados por etiquetas em policarbonato, com impress\u00e3o em pintura especial embutida entre a pel\u00edcula e os adesivos que evitam o desgaste da impress\u00e3o.[\/vc_column_text][\/vc_column][\/vc_row]<\/p>\n","protected":false},"excerpt":{"rendered":"<p>[vc_row][vc_column width=&#8221;1\/2&#8243; css=&#8221;.vc_custom_1485396978673{padding-left: 0px !important;}&#8221;][vc_column_text][\/vc_column_text][\/vc_column][vc_column width=&#8221;1\/2&#8243;][vc_column_text]Instalados nas cabeceiras dos leitos, as canoplas s\u00e3o pontos de consumo confeccionados em pl\u00e1stico de alta resist\u00eancia, fabricados nas roscas padr\u00e3o dos flu\u00eddos e dotadas de v\u00e1lvulas de fechamento por impacto. Os pontos s\u00e3o identificados por etiquetas em policarbonato, com impress\u00e3o em pintura especial embutida entre a pel\u00edcula e os [&hellip;]<\/p>\n","protected":false},"author":2,"featured_media":0,"parent":0,"menu_order":0,"comment_status":"closed","ping_status":"closed","template":"","meta":[],"_links":{"self":[{"href":"https:\/\/oxyplam.com.br\/newsite\/wp-json\/wp\/v2\/pages\/1372"}],"collection":[{"href":"https:\/\/oxyplam.com.br\/newsite\/wp-json\/wp\/v2\/pages"}],"about":[{"href":"https:\/\/oxyplam.com.br\/newsite\/wp-json\/wp\/v2\/types\/page"}],"author":[{"embeddable":true,"href":"https:\/\/oxyplam.com.br\/newsite\/wp-json\/wp\/v2\/users\/2"}],"replies":[{"embeddable":true,"href":"https:\/\/oxyplam.com.br\/newsite\/wp-json\/wp\/v2\/comments?post=1372"}],"version-history":[{"count":5,"href":"https:\/\/oxyplam.com.br\/newsite\/wp-json\/wp\/v2\/pages\/1372\/revisions"}],"predecessor-version":[{"id":1593,"href":"https:\/\/oxyplam.com.br\/newsite\/wp-json\/wp\/v2\/pages\/1372\/revisions\/1593"}],"wp:attachment":[{"href":"https:\/\/oxyplam.com.br\/newsite\/wp-json\/wp\/v2\/media?parent=1372"}],"curies":[{"name":"wp","href":"https:\/\/api.w.org\/{rel}","templated":true}]}}